s digit of h(6)?
1
Let v = -9 - -14. Suppose w + 0 = -v*h - 2, -4*w + 4*h + 64 = 0. What is the units digit of w?
3
Suppose 6*l = -0*l + 474. What is the units digit of l?
9
Let h(a) = -a**3 - 4*a**2 + a + 3. Let u be h(-4). Let b be u/3 + 7/3. Let m = 2 + b. What is the units digit of m?
4
Suppose 15 = 3*k - 0*k. Suppose y - 4*w = 5*y - 4, -4*y = k*w - 7. Let b = y + 9. What is the units digit of b?
7
Suppose -28 = -5*q + 32. Suppose -z + 0*z = -q. What is the units digit of z?
2
Let t be (4 + -2)*1*2. Suppose -t*r + 2 = 14. Let j = r - -4. What is the units digit of j?
1
Let z = 46 - 31. What is the units digit of z?
5
Suppose 7*s - 9 = 6*s. What is the units digit of s?
9
Let a(m) = 2*m**2 + 4*m + 1. What is the units digit of a(4)?
9
Let t = 16 + 7. Let u = 45 - t. What is the tens digit of u?
2
Let k = 3 - -4. Let d = k - 5. What is the units digit of d?
2
Suppose -25 = 3*o + 3*h + 20, -o + h - 17 = 0. Let v = 1 + o. Let m = -9 - v. What is the units digit of m?
6
Let u = -5 + 8. Suppose 0 = u*z + 5*x - 16, -2*x - 2 = -0. What is the units digit of z?
7
Let p(i) = 3*i + 3. Let h be p(-4). Suppose 4*u + 70 = -u. Let y = h - u. What is the units digit of y?
5
Let u(w) = w**2 + 7*w - 6. Let d(b) = -2*b**3 + b**2 + 3*b - 3. Let v be d(2). Let o be u(v). What is the units digit of 16/6*27/o?
6
Let p(g) = -g**2 - 4*g + 5. Let t = -9 - -4. Let y be p(t). Suppose 27 = -y*m + 3*m. What is the units digit of m?
9
Let f = -11 + 92. What is the tens digit of f?
8
Let p(f) = -f**3 - 9*f**2 - f - 7. What is the units digit of p(-9)?
2
Suppose 92*l = 88*l + 908. What is the tens digit of l?
2
Let a be 3/2*(-32)/6. Let b = a + 11. What is the units digit of b?
3
Let b(r) = -4*r**2 - 10*r - 12. Let o(q) = -7*q**2 - 20*q - 23. Let n(z) = -5*b(z) + 3*o(z). What is the tens digit of n(-7)?
1
Let z(l) = -l**2 + 259. What is the units digit of z(0)?
9
Suppose 1 = q - 1. Suppose 0 = 3*y - q*y. Suppose y*x = -2*x + 3*d - 6, 0 = x - 3*d + 9. What is the units digit of x?
3
Let j(b) = -20 - 7*b + 2*b**2 - 3*b**2 - 28*b + 0*b**2 - 14*b**3. Let i(g) = 5*g**3 + 12*g + 7. Let u(d) = 17*i(d) + 6*j(d). What is the units digit of u(7)?
6
Let u = 42 + -20. Suppose 5*z = -x + 11, -2*z - u = -2*x + 12. What is the tens digit of x?
1
Let p(z) = 19*z**2 - 15*z - 4. What is the units digit of p(-4)?
0
Let z(g) = -2*g. Let x be z(-11). Let p = x - -3. What is the units digit of p?
5
Let f(x) = 9*x**2 - 20*x + 3. What is the tens digit of f(5)?
2
Let i be (-4)/(-3) - 14622/(-9). What is the tens digit of i/42 + 4/14?
3
Suppose l + 25 = 6*l. Suppose 2*y + l = -2*a - 1, y + 5 = 0. What is the tens digit of a/6 + 38/3?
1
Suppose -a + 3*k + 84 = 0, -3*k + 87 + 204 = 4*a. What is the tens digit of a?
7
Let c(v) = 6*v**3 + v**2 - v - 1. What is the units digit of c(2)?
9
Suppose -4*d + 10 = 3*l, 3*d + 5*l = 2*d - 6. Suppose d*v + 2*v = 162. What is the tens digit of v?
2
Let v = -4 - -4. Suppose -z + 4*z - 12 = v. What is the units digit of z?
4
Let i(y) = -y**2 + 5*y - 3. Let n be i(2). Suppose -l = -4*l - 3*c + 54, -5*l - n*c + 88 = 0. Let x = 34 - l. What is the units digit of x?
7
Suppose -2 - 6 = -4*z. Let l(f) = 5*f**2 - 3*f. What is the units digit of l(z)?
4
Let u(b) = b**3 - 8*b**2 + 8*b - 5. Suppose -8 = -f - 1. What is the units digit of u(f)?
2
Let m = -3 + 5. Suppose -9 = -m*x - x. Suppose 4*o = -8, -t - 4*o = x*t - 8. What is the units digit of t?
4
Suppose 2*m + 5*v - 342 = 3*v, -5*m + 4*v + 819 = 0. Let p = m - 118. What is the units digit of p?
9
Let q(f) = -9*f**3 - f**2 + 2*f - 2. What is the hundreds digit of q(-3)?
2
Suppose 2*g = 3*q - 98, 0 = 2*q - 3*g - 2*g - 69. What is the tens digit of q?
3
Let t(w) = 3*w + 2. Let s be t(-2). Let r be 6/s*-2*1. Let p = r + 8. What is the units digit of p?
1
What is the units digit of 1/(-4) + (-21525)/(-100)?
5
Let d be 82/7 - (-10)/35. What is the tens digit of 14 + (-4)/(d/(-3))?
1
Let q(u) = -2*u**3 + u**2 + 3*u. What is the hundreds digit of q(-4)?
1
Suppose 43 = 4*q + 11. What is the units digit of q?
8
Let b be 15/9 - 1/(-3). Suppose 0 = b*l - 3*l - 6. What is the units digit of ((-9)/4)/(l/16)?
6
Let f(o) = 2*o**2 + 5*o - 3. What is the tens digit of f(4)?
4
Let v(x) = x**3 + 7*x**2 - 9*x + 5. Let w be (-2)/3 + (-32)/(-12). Let r be w/4 + 68/(-8). What is the units digit of v(r)?
3
Let s = -2 - -10. What is the units digit of (-645)/(-35) + s/14?
9
Let c be (-2)/(-8) - (-22)/8. Let f = 7 + c. Suppose 2*d - f = -0*d. What is the units digit of d?
5
Let u(i) = 14 - 7 - 2*i**3 + i + i**3 - 8*i**2. Let m be u(-8). Let j = 3 + m. What is the units digit of j?
2
Let h(m) = 3*m**2 + 1. Let f be h(2). Suppose 7 = x - 3*q, 3*x - f = 5*q - 0*q. What is the units digit of x?
1
Let c = 6 - 13. Let s = c - -15. What is the units digit of s?
8
Let t(u) = -u + 6. Let q be t(9). Let r be (-7 + 1)*q/6. Let d(p) = p**3 - 2*p**2 + 2*p - 3. What is the units digit of d(r)?
2
Let c(z) be the second derivative of z**4/12 - 5*z**2 + 2*z. Let l be c(0). Let n = l - -19. What is the units digit of n?
9
Suppose 2*i = 4, 0*q + i - 27 = 5*q. What is the units digit of ((-4)/q)/(3/30)?
8
Let b = 6 + -6. Suppose q - 3*r - 8 + b = 0, 4*r = -q + 1. Suppose -q*p = -5 - 5. What is the units digit of p?
2
Let u = -38 - -26. Let m be (-6)/u + (-30)/(-4). Suppose -36 + m = -4*z. What is the units digit of z?
7
Suppose h = -2*q + 4*q - 52, -5*h = -3*q + 92. Suppose -2*k - 39 = r - 6*r, r + 5*k - q = 0. What is the units digit of r?
9
Suppose 3*o - 22 = x, -39 = 2*x - 0*x - 5*o. Let n = 37 + x. What is the tens digit of n?
3
Suppose j + 2*j - 48 = 0. Let d = j - 25. What is the units digit of (3 - (-57)/d)*-3?
0
Suppose -g = -65 - 16. What is the units digit of g?
1
Suppose -4*q - 32 = 2*i, -3*q - 17 = 2*i + 7. Let o = 6 + q. What is the units digit of (6/3)/(o/(-14))?
4
Let o = 396 - 78. What is the hundreds digit of o?
3
Let z = -16 + 18. What is the units digit of z?
2
Let z be 1*(-2 - (-5 - 1)). Let v(k) = 3*k**2 - 5*k - 3. Let g be v(z). Let h = g + -16. What is the units digit of h?
9
Let y(w) be the first derivative of w**4/4 - 5*w**3/3 + 4*w + 5. Let l be 38/8 - (-1)/4. What is the units digit of y(l)?
4
Suppose -26 - 1 = -h. What is the tens digit of h?
2
Suppose w = 2*w - 4. Suppose -p = 4, -w*m - 4*p + 20 = -8*p. Suppose -m = g - 2*g. What is the units digit of g?
1
Suppose 0 = 2*l - 4*b + 2*b - 64, 4*l - 2*b = 124. What is the tens digit of l?
3
Let t be 1/((-15)/9 + 2). Suppose 0 = f - 5 + t. Suppose 3*q - 5*g - 18 = 2*q, -2*q = -f*g - 20. What is the units digit of q?
8
Let y be ((-21)/(-4))/((-2)/8). Let i be ((-4)/7)/(6/y). Suppose 0 = -i*z + 10 - 2. What is the units digit of z?
4
Suppose 3*x - 196 = -4*b, 3*b = 3*x + 43 + 83. What is the tens digit of b?
4
Suppose 3*o + 2*x + 0*x = 52, 5*o - 4*x = 72. What is the tens digit of o?
1
Suppose -t - 13 = 5. Let n = t - -37. What is the tens digit of n?
1
Suppose -2*u = u. Suppose -13 = a + 2*o, -2*o - 4 = -2*a - u*o. Let g = 1 - a. What is the units digit of g?
4
Let i(n) = 4*n - 3. Let a be i(3). Suppose 35 = 5*z - 3*y, -3*z - 5*y - a = z. What is the units digit of z?
4
Let g(p) = p**3 + 7*p**2 + 5*p - 2. Let i be g(-6). Suppose c - i = -0. Suppose 5*s = 3*u + 23, -c*s = -2*s + u - 7. What is the units digit of s?
4
Let i be ((-22)/(-33))/(1/93). Let f = -39 + i. What is the tens digit of f?
2
Let l be 2/10 - 9/(-5). Suppose 5*r + 3*b = 81, 42 = 5*r - 3*r - l*b. What is the tens digit of r?
1
Let d(o) = -o + 20. Let p be d(10). Let f = p + -2. What is the units digit of f?
8
Let n(g) = 2*g - 34. What is the units digit of n(18)?
2
Suppose x + g - 2 = -1, -3*g = -3. Let f = 4 + x. Suppose -f*k - 4*r = -52, 2*k - 3*r = r + 20. What is the units digit of k?
2
Let x = -98 - -68. Let a be x/(-9) + (-1)/3. Suppose 2*q = -a*j - 0*q + 43, 0 = 3*j + 4*q - 47. What is the tens digit of j?
1
Let k be (-1)/2*(-6)/(-3). Let g be (k/(-4))/((-2)/(-8)). What is the units digit of ((-2)/(-3))/(g/3)?
2
Let y be 1/2 - 69/(-6). Suppose -p + y = -3. What is the units digit of p?
5
Suppose 2*o = 6*o - 36. Let v = o - -13. What is the tens digit of v?
2
Let i = -92 - -130. What is the units digit of i?
8
Suppose 5*n = -2*u + 55, 0 = -u - 3*u. What is the units digit of n?
1
Let p = 12 - -5. What is the units 